{"id":9563,"date":"2023-03-25T18:54:51","date_gmt":"2023-03-25T15:54:51","guid":{"rendered":"https:\/\/acaral.com.tr\/?post_type=product&#038;p=9563"},"modified":"2023-04-04T14:33:15","modified_gmt":"2023-04-04T11:33:15","slug":"canik-c-100-alcak-tasima-tabanca-kilifi-siyah","status":"publish","type":"product","link":"https:\/\/acaral.com.tr\/?product=canik-c-100-alcak-tasima-tabanca-kilifi-siyah","title":{"rendered":"Canik C 100 Al\u00e7ak Ta\u015f\u0131ma Tabanca K\u0131l\u0131f\u0131 Siyah"},"content":{"rendered":"<p><strong><u>-UYGUN OLDU\u011eU MODELLER <\/u><\/strong><\/p>\n<p><strong><em>-CAN\u0130K C100<\/em><\/strong><\/p>\n<p><strong><em>-G\u0130RSAN MC13<\/em><\/strong><\/p>\n<p><strong><em>-SARSILMAZ K10<\/em><\/strong><\/p>\n<p><em>\u00a0<\/em><\/p>\n<p><strong><u>\u00d6ZELL\u0130KLER VE A\u00c7IKLAMALAR <\/u><\/strong><\/p>\n<ul>\n<li><strong><em>Hareketli al\u00e7ak ta\u015f\u0131ma aparat\u0131 270 derece hareketli d\u00f6nebilen bir al\u00e7ak ta\u015f\u0131ma platformudur.<\/em><\/strong><\/li>\n<li><strong><em>\u00a0Bacak k\u0131l\u0131f\u0131 silah\u0131n\u0131z\u0131 tetik korkulu\u011fundan kilitleme yapar. Silah kilitleme\u00a0 tertibat\u0131 sayesinde ko\u015fma, \u00e7\u00f6kme, kalkma ve takla atma\u00a0 gibi en zor hareketlerinizde bile silah\u0131n\u0131z k\u0131l\u0131ftan kesinlikle d\u00fc\u015fmez.<\/em><\/strong><\/li>\n<li><strong><em>Al\u00e7ak ta\u015f\u0131ma aparat\u0131n\u0131 baca\u011f\u0131n\u0131za sabitlemek i\u00e7in klipsli tokal\u0131 ayar yap\u0131labilen bacak kolonu bulunmaktad\u0131r.<\/em><\/strong><\/li>\n<li><strong><em>V\u00fccudun a\u011f\u0131rl\u0131k merkezine g\u00f6re dizayn edildi\u011fi i\u00e7in silah a\u011f\u0131rl\u0131\u011f\u0131n\u0131n minimum seviyede hissedilmesini sa\u011flar.<\/em><\/strong><\/li>\n<li><strong><em>Otururken, kalkarken, y\u00fcr\u00fcrken ve ko\u015farken k\u0131sacas\u0131 v\u00fccudunuzun her hareketine uyum sa\u011flamaktad\u0131r. <\/em><\/strong><\/li>\n<li><strong><em>Ara\u00e7 ve motorda oturma pozisyonunuza g\u00f6re baca\u011f\u0131n\u0131zla senkronize \u015fekilde hareket eder.<\/em><\/strong><\/li>\n<li><strong><em>3 farkl\u0131 seviyede taktik k\u0131l\u0131f\u0131n\u0131z\u0131 monte edebilirsiniz. Bu sayede silah\u0131n\u0131z\u0131 hangi seviyede rahat \u00e7ekiyorsan\u0131z o b\u00f6lgeye monte ederek daha rahat \u00e7ekim ve at\u0131\u015f yapma olas\u0131l\u0131\u011f\u0131n\u0131z bulunur.<\/em><\/strong><\/li>\n<li><strong><em>Sa\u011f ve sol \u00fcr\u00fcn mevcuttur.<\/em><\/strong><\/li>\n<li><strong><em>\u00c7\u0131kar\u0131labilir tek \u015farj\u00f6rl\u00fck yolu vard\u0131r.(Sadece sa\u011f kullan\u0131ml\u0131 \u00fcr\u00fcnde mevcuttur)<\/em><\/strong><\/li>\n<li><strong><em>Polimer al\u00e7ak ta\u015f\u0131ma aparatl\u0131 k\u0131l\u0131f, g\u00f6rev ve taktik at\u0131\u015flarda size ekstra konfor sa\u011flamaktad\u0131r.<\/em><\/strong><\/li>\n<li><strong><em>Al\u00e7ak ta\u015f\u0131ma tabanca k\u0131l\u0131f\u0131, polis bacak k\u0131l\u0131f\u0131, bek\u00e7i bacak k\u0131l\u0131f\u0131, \u00f6zel harekat bacak k\u0131l\u0131f\u0131 ve jandarma bacak k\u0131l\u0131f\u0131 olarak da kullan\u0131labilir.<\/em><\/strong><\/li>\n<li><strong><em>T\u00fcm palaskalar, taktik kemerler ve deri kemerler ile uyumludur.<\/em><\/strong><\/li>\n<\/ul>\n","protected":false},"excerpt":{"rendered":"<p>-UYGUN OLDU\u011eU MODELLER -CAN\u0130K C100 -G\u0130RSAN MC13 -SARSILMAZ K10 \u00a0 \u00d6ZELL\u0130KLER VE A\u00c7IKLAMALAR Hareketli al\u00e7ak ta\u015f\u0131ma aparat\u0131 270 derece hareketli<\/p>\n","protected":false},"featured_media":9566,"comment_status":"open","ping_status":"closed","template":"","meta":[],"product_cat":[42],"product_tag":[],"class_list":{"0":"post-9563","1":"product","2":"type-product","3":"status-publish","4":"has-post-thumbnail","6":"product_cat-tabanca-kiliflari","8":"first","9":"instock","10":"shipping-taxable","11":"product-type-simple"},"yoast_head":"<!-- This site is optimized with the Yoast SEO plugin v25.4 - https:\/\/yoast.com\/wordpress\/plugins\/seo\/ -->\n<title>Canik C 100 Al\u00e7ak Ta\u015f\u0131ma Tabanca K\u0131l\u0131f\u0131 Siyah - Acaral<\/title>\n<meta name=\"robots\" content=\"index, follow, max-snippet:-1, max-image-preview:large, max-video-preview:-1\" \/>\n<link rel=\"canonical\" href=\"https:\/\/acaral.com.tr\/?product=canik-c-100-alcak-tasima-tabanca-kilifi-siyah\" \/>\n<meta property=\"og:locale\" content=\"en_US\" \/>\n<meta property=\"og:type\" content=\"article\" \/>\n<meta property=\"og:title\" content=\"Canik C 100 Al\u00e7ak Ta\u015f\u0131ma Tabanca K\u0131l\u0131f\u0131 Siyah - Acaral\" \/>\n<meta property=\"og:description\" content=\"-UYGUN OLDU\u011eU MODELLER -CAN\u0130K C100 -G\u0130RSAN MC13 -SARSILMAZ K10 \u00a0 \u00d6ZELL\u0130KLER VE A\u00c7IKLAMALAR Hareketli al\u00e7ak ta\u015f\u0131ma aparat\u0131 270 derece hareketli\" \/>\n<meta property=\"og:url\" content=\"https:\/\/acaral.com.tr\/?product=canik-c-100-alcak-tasima-tabanca-kilifi-siyah\" \/>\n<meta property=\"og:site_name\" content=\"Acaral\" \/>\n<meta property=\"article:publisher\" content=\"https:\/\/facebook.com\/acaralcom\" \/>\n<meta property=\"article:modified_time\" content=\"2023-04-04T11:33:15+00:00\" \/>\n<meta property=\"og:image\" content=\"https:\/\/acaral.com.tr\/wp-content\/uploads\/4-6.jpg\" \/>\n\t<meta property=\"og:image:width\" content=\"1400\" \/>\n\t<meta property=\"og:image:height\" content=\"1995\" \/>\n\t<meta property=\"og:image:type\" content=\"image\/jpeg\" \/>\n<meta name=\"twitter:card\" content=\"summary_large_image\" \/>\n<meta name=\"twitter:label1\" content=\"Est. reading time\" \/>\n\t<meta name=\"twitter:data1\" content=\"1 minute\" \/>\n<script type=\"application\/ld+json\" class=\"yoast-schema-graph\">{\"@context\":\"https:\/\/schema.org\",\"@graph\":[{\"@type\":\"WebPage\",\"@id\":\"https:\/\/acaral.com.tr\/?product=canik-c-100-alcak-tasima-tabanca-kilifi-siyah\",\"url\":\"https:\/\/acaral.com.tr\/?product=canik-c-100-alcak-tasima-tabanca-kilifi-siyah\",\"name\":\"Canik C 100 Al\u00e7ak Ta\u015f\u0131ma Tabanca K\u0131l\u0131f\u0131 Siyah - Acaral\",\"isPartOf\":{\"@id\":\"https:\/\/acaral.com.tr\/#website\"},\"primaryImageOfPage\":{\"@id\":\"https:\/\/acaral.com.tr\/?product=canik-c-100-alcak-tasima-tabanca-kilifi-siyah#primaryimage\"},\"image\":{\"@id\":\"https:\/\/acaral.com.tr\/?product=canik-c-100-alcak-tasima-tabanca-kilifi-siyah#primaryimage\"},\"thumbnailUrl\":\"https:\/\/acaral.com.tr\/wp-content\/uploads\/4-6.jpg\",\"datePublished\":\"2023-03-25T15:54:51+00:00\",\"dateModified\":\"2023-04-04T11:33:15+00:00\",\"breadcrumb\":{\"@id\":\"https:\/\/acaral.com.tr\/?product=canik-c-100-alcak-tasima-tabanca-kilifi-siyah#breadcrumb\"},\"inLanguage\":\"en-US\",\"potentialAction\":[{\"@type\":\"ReadAction\",\"target\":[\"https:\/\/acaral.com.tr\/?product=canik-c-100-alcak-tasima-tabanca-kilifi-siyah\"]}]},{\"@type\":\"ImageObject\",\"inLanguage\":\"en-US\",\"@id\":\"https:\/\/acaral.com.tr\/?product=canik-c-100-alcak-tasima-tabanca-kilifi-siyah#primaryimage\",\"url\":\"https:\/\/acaral.com.tr\/wp-content\/uploads\/4-6.jpg\",\"contentUrl\":\"https:\/\/acaral.com.tr\/wp-content\/uploads\/4-6.jpg\",\"width\":1400,\"height\":1995},{\"@type\":\"BreadcrumbList\",\"@id\":\"https:\/\/acaral.com.tr\/?product=canik-c-100-alcak-tasima-tabanca-kilifi-siyah#breadcrumb\",\"itemListElement\":[{\"@type\":\"ListItem\",\"position\":1,\"name\":\"Anasayfa\",\"item\":\"https:\/\/acaral.com.tr\/\"},{\"@type\":\"ListItem\",\"position\":2,\"name\":\"Shop\",\"item\":\"https:\/\/acaral.com.tr\/?page_id=9\"},{\"@type\":\"ListItem\",\"position\":3,\"name\":\"Canik C 100 Al\u00e7ak Ta\u015f\u0131ma Tabanca K\u0131l\u0131f\u0131 Siyah\"}]},{\"@type\":\"WebSite\",\"@id\":\"https:\/\/acaral.com.tr\/#website\",\"url\":\"https:\/\/acaral.com.tr\/\",\"name\":\"Acaral\",\"description\":\"Silah Aksesuar ve Ekipmanlar\u0131\",\"publisher\":{\"@id\":\"https:\/\/acaral.com.tr\/#organization\"},\"potentialAction\":[{\"@type\":\"SearchAction\",\"target\":{\"@type\":\"EntryPoint\",\"urlTemplate\":\"https:\/\/acaral.com.tr\/?s={search_term_string}\"},\"query-input\":{\"@type\":\"PropertyValueSpecification\",\"valueRequired\":true,\"valueName\":\"search_term_string\"}}],\"inLanguage\":\"en-US\"},{\"@type\":\"Organization\",\"@id\":\"https:\/\/acaral.com.tr\/#organization\",\"name\":\"Silah Aksesuar ve Ekipmanlar\u0131\",\"url\":\"https:\/\/acaral.com.tr\/\",\"logo\":{\"@type\":\"ImageObject\",\"inLanguage\":\"en-US\",\"@id\":\"https:\/\/acaral.com.tr\/#\/schema\/logo\/image\/\",\"url\":\"https:\/\/acaral.com.tr\/wp-content\/uploads\/logo-fb-2.jpg\",\"contentUrl\":\"https:\/\/acaral.com.tr\/wp-content\/uploads\/logo-fb-2.jpg\",\"width\":1687,\"height\":845,\"caption\":\"Silah Aksesuar ve Ekipmanlar\u0131\"},\"image\":{\"@id\":\"https:\/\/acaral.com.tr\/#\/schema\/logo\/image\/\"},\"sameAs\":[\"https:\/\/facebook.com\/acaralcom\"]}]}<\/script>\n<!-- \/ Yoast SEO plugin. -->","yoast_head_json":{"title":"Canik C 100 Al\u00e7ak Ta\u015f\u0131ma Tabanca K\u0131l\u0131f\u0131 Siyah - Acaral","robots":{"index":"index","follow":"follow","max-snippet":"max-snippet:-1","max-image-preview":"max-image-preview:large","max-video-preview":"max-video-preview:-1"},"canonical":"https:\/\/acaral.com.tr\/?product=canik-c-100-alcak-tasima-tabanca-kilifi-siyah","og_locale":"en_US","og_type":"article","og_title":"Canik C 100 Al\u00e7ak Ta\u015f\u0131ma Tabanca K\u0131l\u0131f\u0131 Siyah - Acaral","og_description":"-UYGUN OLDU\u011eU MODELLER -CAN\u0130K C100 -G\u0130RSAN MC13 -SARSILMAZ K10 \u00a0 \u00d6ZELL\u0130KLER VE A\u00c7IKLAMALAR Hareketli al\u00e7ak ta\u015f\u0131ma aparat\u0131 270 derece hareketli","og_url":"https:\/\/acaral.com.tr\/?product=canik-c-100-alcak-tasima-tabanca-kilifi-siyah","og_site_name":"Acaral","article_publisher":"https:\/\/facebook.com\/acaralcom","article_modified_time":"2023-04-04T11:33:15+00:00","og_image":[{"width":1400,"height":1995,"url":"https:\/\/acaral.com.tr\/wp-content\/uploads\/4-6.jpg","type":"image\/jpeg"}],"twitter_card":"summary_large_image","twitter_misc":{"Est. reading time":"1 minute"},"schema":{"@context":"https:\/\/schema.org","@graph":[{"@type":"WebPage","@id":"https:\/\/acaral.com.tr\/?product=canik-c-100-alcak-tasima-tabanca-kilifi-siyah","url":"https:\/\/acaral.com.tr\/?product=canik-c-100-alcak-tasima-tabanca-kilifi-siyah","name":"Canik C 100 Al\u00e7ak Ta\u015f\u0131ma Tabanca K\u0131l\u0131f\u0131 Siyah - Acaral","isPartOf":{"@id":"https:\/\/acaral.com.tr\/#website"},"primaryImageOfPage":{"@id":"https:\/\/acaral.com.tr\/?product=canik-c-100-alcak-tasima-tabanca-kilifi-siyah#primaryimage"},"image":{"@id":"https:\/\/acaral.com.tr\/?product=canik-c-100-alcak-tasima-tabanca-kilifi-siyah#primaryimage"},"thumbnailUrl":"https:\/\/acaral.com.tr\/wp-content\/uploads\/4-6.jpg","datePublished":"2023-03-25T15:54:51+00:00","dateModified":"2023-04-04T11:33:15+00:00","breadcrumb":{"@id":"https:\/\/acaral.com.tr\/?product=canik-c-100-alcak-tasima-tabanca-kilifi-siyah#breadcrumb"},"inLanguage":"en-US","potentialAction":[{"@type":"ReadAction","target":["https:\/\/acaral.com.tr\/?product=canik-c-100-alcak-tasima-tabanca-kilifi-siyah"]}]},{"@type":"ImageObject","inLanguage":"en-US","@id":"https:\/\/acaral.com.tr\/?product=canik-c-100-alcak-tasima-tabanca-kilifi-siyah#primaryimage","url":"https:\/\/acaral.com.tr\/wp-content\/uploads\/4-6.jpg","contentUrl":"https:\/\/acaral.com.tr\/wp-content\/uploads\/4-6.jpg","width":1400,"height":1995},{"@type":"BreadcrumbList","@id":"https:\/\/acaral.com.tr\/?product=canik-c-100-alcak-tasima-tabanca-kilifi-siyah#breadcrumb","itemListElement":[{"@type":"ListItem","position":1,"name":"Anasayfa","item":"https:\/\/acaral.com.tr\/"},{"@type":"ListItem","position":2,"name":"Shop","item":"https:\/\/acaral.com.tr\/?page_id=9"},{"@type":"ListItem","position":3,"name":"Canik C 100 Al\u00e7ak Ta\u015f\u0131ma Tabanca K\u0131l\u0131f\u0131 Siyah"}]},{"@type":"WebSite","@id":"https:\/\/acaral.com.tr\/#website","url":"https:\/\/acaral.com.tr\/","name":"Acaral","description":"Silah Aksesuar ve Ekipmanlar\u0131","publisher":{"@id":"https:\/\/acaral.com.tr\/#organization"},"potentialAction":[{"@type":"SearchAction","target":{"@type":"EntryPoint","urlTemplate":"https:\/\/acaral.com.tr\/?s={search_term_string}"},"query-input":{"@type":"PropertyValueSpecification","valueRequired":true,"valueName":"search_term_string"}}],"inLanguage":"en-US"},{"@type":"Organization","@id":"https:\/\/acaral.com.tr\/#organization","name":"Silah Aksesuar ve Ekipmanlar\u0131","url":"https:\/\/acaral.com.tr\/","logo":{"@type":"ImageObject","inLanguage":"en-US","@id":"https:\/\/acaral.com.tr\/#\/schema\/logo\/image\/","url":"https:\/\/acaral.com.tr\/wp-content\/uploads\/logo-fb-2.jpg","contentUrl":"https:\/\/acaral.com.tr\/wp-content\/uploads\/logo-fb-2.jpg","width":1687,"height":845,"caption":"Silah Aksesuar ve Ekipmanlar\u0131"},"image":{"@id":"https:\/\/acaral.com.tr\/#\/schema\/logo\/image\/"},"sameAs":["https:\/\/facebook.com\/acaralcom"]}]}},"_links":{"self":[{"href":"https:\/\/acaral.com.tr\/index.php?rest_route=\/wp\/v2\/product\/9563"}],"collection":[{"href":"https:\/\/acaral.com.tr\/index.php?rest_route=\/wp\/v2\/product"}],"about":[{"href":"https:\/\/acaral.com.tr\/index.php?rest_route=\/wp\/v2\/types\/product"}],"replies":[{"embeddable":true,"href":"https:\/\/acaral.com.tr\/index.php?rest_route=%2Fwp%2Fv2%2Fcomments&post=9563"}],"wp:featuredmedia":[{"embeddable":true,"href":"https:\/\/acaral.com.tr\/index.php?rest_route=\/wp\/v2\/media\/9566"}],"wp:attachment":[{"href":"https:\/\/acaral.com.tr\/index.php?rest_route=%2Fwp%2Fv2%2Fmedia&parent=9563"}],"wp:term":[{"taxonomy":"product_cat","embeddable":true,"href":"https:\/\/acaral.com.tr\/index.php?rest_route=%2Fwp%2Fv2%2Fproduct_cat&post=9563"},{"taxonomy":"product_tag","embeddable":true,"href":"https:\/\/acaral.com.tr\/index.php?rest_route=%2Fwp%2Fv2%2Fproduct_tag&post=9563"}],"curies":[{"name":"wp","href":"https:\/\/api.w.org\/{rel}","templated":true}]}}