{"id":9596,"date":"2023-03-26T17:25:35","date_gmt":"2023-03-26T14:25:35","guid":{"rendered":"https:\/\/acaral.com.tr\/?post_type=product&#038;p=9596"},"modified":"2023-04-04T14:33:18","modified_gmt":"2023-04-04T11:33:18","slug":"ciftli-sarjorluk-kelepce-kilifi-bej","status":"publish","type":"product","link":"https:\/\/acaral.com.tr\/?product=ciftli-sarjorluk-kelepce-kilifi-bej","title":{"rendered":"\u00c7iftli \u015earj\u00f6rl\u00fck \/ Kelep\u00e7e K\u0131l\u0131f\u0131 Bej"},"content":{"rendered":"<p><strong><u>UYGUN OLDU\u011eU MODELLER <\/u><\/strong><\/p>\n<p><strong><em>-\u00c7ift s\u0131ra 9 mm t\u00fcm \u015farj\u00f6rlere olur.<\/em><\/strong><\/p>\n<p><strong><u>\u00d6ZELL\u0130KLER VE A\u00c7IKLAMALAR <\/u><\/strong><\/p>\n<ul>\n<li><strong><em>\u015earj\u00f6r k\u0131l\u0131flar\u0131\u00a0 ayar vidas\u0131 sayesinde 360\u00b0 d\u00f6nebilir , k\u0131l\u0131f duru\u015f a\u00e7\u0131s\u0131n\u0131 kullan\u0131c\u0131 kendisine g\u00f6re ayarlayabilir.<\/em><\/strong><\/li>\n<li><strong><em>\u015earj\u00f6r a\u011f\u0131rl\u0131\u011f\u0131n\u0131 ergonomik pedli yap\u0131s\u0131 sayesinde daha az hissettirir.<\/em><\/strong><\/li>\n<li><strong><em>Polimer enjeksiyon sistemiyle \u00fcretilmi\u015f olup dayan\u0131kl\u0131d\u0131r, uzun \u00f6m\u00fcrl\u00fc kullan\u0131m sunar.<\/em><\/strong><\/li>\n<li><strong><em>Plastik polimer \u00f6zelli\u011fi \u0130le \u015farj\u00f6r\u00fcn\u00fcz k\u0131l\u0131fa s\u0131k\u0131ca yerle\u015fir, takla atarken ko\u015farken d\u00fc\u015fmez.<\/em><\/strong><\/li>\n<li><strong><em>Taktik kullan\u0131c\u0131lar i\u00e7in \u015farj\u00f6rl\u00fck k\u0131l\u0131ftan h\u0131zl\u0131ca tak\u0131l\u0131p \u00e7\u0131kar\u0131labilecek \u015fekilde tasarlanm\u0131\u015ft\u0131r.<\/em><\/strong><\/li>\n<li><strong><em>\u00d6zel plasti\u011fi \u015farj\u00f6r\u00fcn\u00fcz\u00fc \u00e7izmez.<\/em><\/strong><\/li>\n<li><strong><em>\u00c7ift \u015farj\u00f6r haznesi vard\u0131r..<\/em><\/strong><\/li>\n<li><strong><em>Asker, polis, bek\u00e7i ve sivil kullan\u0131m\u0131na uygundur.<\/em><\/strong><\/li>\n<li><strong><em>2 y\u0131l garantisi vard\u0131r.<\/em><\/strong><\/li>\n<\/ul>\n","protected":false},"excerpt":{"rendered":"<p>UYGUN OLDU\u011eU MODELLER -\u00c7ift s\u0131ra 9 mm t\u00fcm \u015farj\u00f6rlere olur. \u00d6ZELL\u0130KLER VE A\u00c7IKLAMALAR \u015earj\u00f6r k\u0131l\u0131flar\u0131\u00a0 ayar vidas\u0131 sayesinde 360\u00b0 d\u00f6nebilir<\/p>\n","protected":false},"featured_media":9598,"comment_status":"open","ping_status":"closed","template":"","meta":[],"product_cat":[33],"product_tag":[],"class_list":{"0":"post-9596","1":"product","2":"type-product","3":"status-publish","4":"has-post-thumbnail","6":"product_cat-sarjorlukler","8":"first","9":"instock","10":"shipping-taxable","11":"product-type-simple"},"yoast_head":"<!-- This site is optimized with the Yoast SEO plugin v25.4 - https:\/\/yoast.com\/wordpress\/plugins\/seo\/ -->\n<title>\u00c7iftli \u015earj\u00f6rl\u00fck \/ Kelep\u00e7e K\u0131l\u0131f\u0131 Bej - Acaral<\/title>\n<meta name=\"robots\" content=\"index, follow, max-snippet:-1, max-image-preview:large, max-video-preview:-1\" \/>\n<link rel=\"canonical\" href=\"https:\/\/acaral.com.tr\/?product=ciftli-sarjorluk-kelepce-kilifi-bej\" \/>\n<meta property=\"og:locale\" content=\"en_US\" \/>\n<meta property=\"og:type\" content=\"article\" \/>\n<meta property=\"og:title\" content=\"\u00c7iftli \u015earj\u00f6rl\u00fck \/ Kelep\u00e7e K\u0131l\u0131f\u0131 Bej - Acaral\" \/>\n<meta property=\"og:description\" content=\"UYGUN OLDU\u011eU MODELLER -\u00c7ift s\u0131ra 9 mm t\u00fcm \u015farj\u00f6rlere olur. \u00d6ZELL\u0130KLER VE A\u00c7IKLAMALAR \u015earj\u00f6r k\u0131l\u0131flar\u0131\u00a0 ayar vidas\u0131 sayesinde 360\u00b0 d\u00f6nebilir\" \/>\n<meta property=\"og:url\" content=\"https:\/\/acaral.com.tr\/?product=ciftli-sarjorluk-kelepce-kilifi-bej\" \/>\n<meta property=\"og:site_name\" content=\"Acaral\" \/>\n<meta property=\"article:publisher\" content=\"https:\/\/facebook.com\/acaralcom\" \/>\n<meta property=\"article:modified_time\" content=\"2023-04-04T11:33:18+00:00\" \/>\n<meta property=\"og:image\" content=\"https:\/\/acaral.com.tr\/wp-content\/uploads\/4-8.jpg\" \/>\n\t<meta property=\"og:image:width\" content=\"1400\" \/>\n\t<meta property=\"og:image:height\" content=\"1995\" \/>\n\t<meta property=\"og:image:type\" content=\"image\/jpeg\" \/>\n<meta name=\"twitter:card\" content=\"summary_large_image\" \/>\n<meta name=\"twitter:label1\" content=\"Est. reading time\" \/>\n\t<meta name=\"twitter:data1\" content=\"1 minute\" \/>\n<script type=\"application\/ld+json\" class=\"yoast-schema-graph\">{\"@context\":\"https:\/\/schema.org\",\"@graph\":[{\"@type\":\"WebPage\",\"@id\":\"https:\/\/acaral.com.tr\/?product=ciftli-sarjorluk-kelepce-kilifi-bej\",\"url\":\"https:\/\/acaral.com.tr\/?product=ciftli-sarjorluk-kelepce-kilifi-bej\",\"name\":\"\u00c7iftli \u015earj\u00f6rl\u00fck \/ Kelep\u00e7e K\u0131l\u0131f\u0131 Bej - Acaral\",\"isPartOf\":{\"@id\":\"https:\/\/acaral.com.tr\/#website\"},\"primaryImageOfPage\":{\"@id\":\"https:\/\/acaral.com.tr\/?product=ciftli-sarjorluk-kelepce-kilifi-bej#primaryimage\"},\"image\":{\"@id\":\"https:\/\/acaral.com.tr\/?product=ciftli-sarjorluk-kelepce-kilifi-bej#primaryimage\"},\"thumbnailUrl\":\"https:\/\/acaral.com.tr\/wp-content\/uploads\/4-8.jpg\",\"datePublished\":\"2023-03-26T14:25:35+00:00\",\"dateModified\":\"2023-04-04T11:33:18+00:00\",\"breadcrumb\":{\"@id\":\"https:\/\/acaral.com.tr\/?product=ciftli-sarjorluk-kelepce-kilifi-bej#breadcrumb\"},\"inLanguage\":\"en-US\",\"potentialAction\":[{\"@type\":\"ReadAction\",\"target\":[\"https:\/\/acaral.com.tr\/?product=ciftli-sarjorluk-kelepce-kilifi-bej\"]}]},{\"@type\":\"ImageObject\",\"inLanguage\":\"en-US\",\"@id\":\"https:\/\/acaral.com.tr\/?product=ciftli-sarjorluk-kelepce-kilifi-bej#primaryimage\",\"url\":\"https:\/\/acaral.com.tr\/wp-content\/uploads\/4-8.jpg\",\"contentUrl\":\"https:\/\/acaral.com.tr\/wp-content\/uploads\/4-8.jpg\",\"width\":1400,\"height\":1995},{\"@type\":\"BreadcrumbList\",\"@id\":\"https:\/\/acaral.com.tr\/?product=ciftli-sarjorluk-kelepce-kilifi-bej#breadcrumb\",\"itemListElement\":[{\"@type\":\"ListItem\",\"position\":1,\"name\":\"Anasayfa\",\"item\":\"https:\/\/acaral.com.tr\/\"},{\"@type\":\"ListItem\",\"position\":2,\"name\":\"Shop\",\"item\":\"https:\/\/acaral.com.tr\/?page_id=9\"},{\"@type\":\"ListItem\",\"position\":3,\"name\":\"\u00c7iftli \u015earj\u00f6rl\u00fck \/ Kelep\u00e7e K\u0131l\u0131f\u0131 Bej\"}]},{\"@type\":\"WebSite\",\"@id\":\"https:\/\/acaral.com.tr\/#website\",\"url\":\"https:\/\/acaral.com.tr\/\",\"name\":\"Acaral\",\"description\":\"Silah Aksesuar ve Ekipmanlar\u0131\",\"publisher\":{\"@id\":\"https:\/\/acaral.com.tr\/#organization\"},\"potentialAction\":[{\"@type\":\"SearchAction\",\"target\":{\"@type\":\"EntryPoint\",\"urlTemplate\":\"https:\/\/acaral.com.tr\/?s={search_term_string}\"},\"query-input\":{\"@type\":\"PropertyValueSpecification\",\"valueRequired\":true,\"valueName\":\"search_term_string\"}}],\"inLanguage\":\"en-US\"},{\"@type\":\"Organization\",\"@id\":\"https:\/\/acaral.com.tr\/#organization\",\"name\":\"Silah Aksesuar ve Ekipmanlar\u0131\",\"url\":\"https:\/\/acaral.com.tr\/\",\"logo\":{\"@type\":\"ImageObject\",\"inLanguage\":\"en-US\",\"@id\":\"https:\/\/acaral.com.tr\/#\/schema\/logo\/image\/\",\"url\":\"https:\/\/acaral.com.tr\/wp-content\/uploads\/logo-fb-2.jpg\",\"contentUrl\":\"https:\/\/acaral.com.tr\/wp-content\/uploads\/logo-fb-2.jpg\",\"width\":1687,\"height\":845,\"caption\":\"Silah Aksesuar ve Ekipmanlar\u0131\"},\"image\":{\"@id\":\"https:\/\/acaral.com.tr\/#\/schema\/logo\/image\/\"},\"sameAs\":[\"https:\/\/facebook.com\/acaralcom\"]}]}<\/script>\n<!-- \/ Yoast SEO plugin. -->","yoast_head_json":{"title":"\u00c7iftli \u015earj\u00f6rl\u00fck \/ Kelep\u00e7e K\u0131l\u0131f\u0131 Bej - Acaral","robots":{"index":"index","follow":"follow","max-snippet":"max-snippet:-1","max-image-preview":"max-image-preview:large","max-video-preview":"max-video-preview:-1"},"canonical":"https:\/\/acaral.com.tr\/?product=ciftli-sarjorluk-kelepce-kilifi-bej","og_locale":"en_US","og_type":"article","og_title":"\u00c7iftli \u015earj\u00f6rl\u00fck \/ Kelep\u00e7e K\u0131l\u0131f\u0131 Bej - Acaral","og_description":"UYGUN OLDU\u011eU MODELLER -\u00c7ift s\u0131ra 9 mm t\u00fcm \u015farj\u00f6rlere olur. \u00d6ZELL\u0130KLER VE A\u00c7IKLAMALAR \u015earj\u00f6r k\u0131l\u0131flar\u0131\u00a0 ayar vidas\u0131 sayesinde 360\u00b0 d\u00f6nebilir","og_url":"https:\/\/acaral.com.tr\/?product=ciftli-sarjorluk-kelepce-kilifi-bej","og_site_name":"Acaral","article_publisher":"https:\/\/facebook.com\/acaralcom","article_modified_time":"2023-04-04T11:33:18+00:00","og_image":[{"width":1400,"height":1995,"url":"https:\/\/acaral.com.tr\/wp-content\/uploads\/4-8.jpg","type":"image\/jpeg"}],"twitter_card":"summary_large_image","twitter_misc":{"Est. reading time":"1 minute"},"schema":{"@context":"https:\/\/schema.org","@graph":[{"@type":"WebPage","@id":"https:\/\/acaral.com.tr\/?product=ciftli-sarjorluk-kelepce-kilifi-bej","url":"https:\/\/acaral.com.tr\/?product=ciftli-sarjorluk-kelepce-kilifi-bej","name":"\u00c7iftli \u015earj\u00f6rl\u00fck \/ Kelep\u00e7e K\u0131l\u0131f\u0131 Bej - Acaral","isPartOf":{"@id":"https:\/\/acaral.com.tr\/#website"},"primaryImageOfPage":{"@id":"https:\/\/acaral.com.tr\/?product=ciftli-sarjorluk-kelepce-kilifi-bej#primaryimage"},"image":{"@id":"https:\/\/acaral.com.tr\/?product=ciftli-sarjorluk-kelepce-kilifi-bej#primaryimage"},"thumbnailUrl":"https:\/\/acaral.com.tr\/wp-content\/uploads\/4-8.jpg","datePublished":"2023-03-26T14:25:35+00:00","dateModified":"2023-04-04T11:33:18+00:00","breadcrumb":{"@id":"https:\/\/acaral.com.tr\/?product=ciftli-sarjorluk-kelepce-kilifi-bej#breadcrumb"},"inLanguage":"en-US","potentialAction":[{"@type":"ReadAction","target":["https:\/\/acaral.com.tr\/?product=ciftli-sarjorluk-kelepce-kilifi-bej"]}]},{"@type":"ImageObject","inLanguage":"en-US","@id":"https:\/\/acaral.com.tr\/?product=ciftli-sarjorluk-kelepce-kilifi-bej#primaryimage","url":"https:\/\/acaral.com.tr\/wp-content\/uploads\/4-8.jpg","contentUrl":"https:\/\/acaral.com.tr\/wp-content\/uploads\/4-8.jpg","width":1400,"height":1995},{"@type":"BreadcrumbList","@id":"https:\/\/acaral.com.tr\/?product=ciftli-sarjorluk-kelepce-kilifi-bej#breadcrumb","itemListElement":[{"@type":"ListItem","position":1,"name":"Anasayfa","item":"https:\/\/acaral.com.tr\/"},{"@type":"ListItem","position":2,"name":"Shop","item":"https:\/\/acaral.com.tr\/?page_id=9"},{"@type":"ListItem","position":3,"name":"\u00c7iftli \u015earj\u00f6rl\u00fck \/ Kelep\u00e7e K\u0131l\u0131f\u0131 Bej"}]},{"@type":"WebSite","@id":"https:\/\/acaral.com.tr\/#website","url":"https:\/\/acaral.com.tr\/","name":"Acaral","description":"Silah Aksesuar ve Ekipmanlar\u0131","publisher":{"@id":"https:\/\/acaral.com.tr\/#organization"},"potentialAction":[{"@type":"SearchAction","target":{"@type":"EntryPoint","urlTemplate":"https:\/\/acaral.com.tr\/?s={search_term_string}"},"query-input":{"@type":"PropertyValueSpecification","valueRequired":true,"valueName":"search_term_string"}}],"inLanguage":"en-US"},{"@type":"Organization","@id":"https:\/\/acaral.com.tr\/#organization","name":"Silah Aksesuar ve Ekipmanlar\u0131","url":"https:\/\/acaral.com.tr\/","logo":{"@type":"ImageObject","inLanguage":"en-US","@id":"https:\/\/acaral.com.tr\/#\/schema\/logo\/image\/","url":"https:\/\/acaral.com.tr\/wp-content\/uploads\/logo-fb-2.jpg","contentUrl":"https:\/\/acaral.com.tr\/wp-content\/uploads\/logo-fb-2.jpg","width":1687,"height":845,"caption":"Silah Aksesuar ve Ekipmanlar\u0131"},"image":{"@id":"https:\/\/acaral.com.tr\/#\/schema\/logo\/image\/"},"sameAs":["https:\/\/facebook.com\/acaralcom"]}]}},"_links":{"self":[{"href":"https:\/\/acaral.com.tr\/index.php?rest_route=\/wp\/v2\/product\/9596"}],"collection":[{"href":"https:\/\/acaral.com.tr\/index.php?rest_route=\/wp\/v2\/product"}],"about":[{"href":"https:\/\/acaral.com.tr\/index.php?rest_route=\/wp\/v2\/types\/product"}],"replies":[{"embeddable":true,"href":"https:\/\/acaral.com.tr\/index.php?rest_route=%2Fwp%2Fv2%2Fcomments&post=9596"}],"wp:featuredmedia":[{"embeddable":true,"href":"https:\/\/acaral.com.tr\/index.php?rest_route=\/wp\/v2\/media\/9598"}],"wp:attachment":[{"href":"https:\/\/acaral.com.tr\/index.php?rest_route=%2Fwp%2Fv2%2Fmedia&parent=9596"}],"wp:term":[{"taxonomy":"product_cat","embeddable":true,"href":"https:\/\/acaral.com.tr\/index.php?rest_route=%2Fwp%2Fv2%2Fproduct_cat&post=9596"},{"taxonomy":"product_tag","embeddable":true,"href":"https:\/\/acaral.com.tr\/index.php?rest_route=%2Fwp%2Fv2%2Fproduct_tag&post=9596"}],"curies":[{"name":"wp","href":"https:\/\/api.w.org\/{rel}","templated":true}]}}